{"id":610,"date":"2014-12-09T15:09:43","date_gmt":"2014-12-09T15:09:43","guid":{"rendered":"http:\/\/maison-broche-clos-neuf.com\/?page_id=610"},"modified":"2017-01-04T13:50:36","modified_gmt":"2017-01-04T13:50:36","slug":"kunstkultur","status":"publish","type":"page","link":"http:\/\/maisonbroche.com\/de\/kunstkultur\/","title":{"rendered":"Kunst &#038; Kultur"},"content":{"rendered":"<p>[et_pb_section admin_label=&#8221;Section&#8221; fullwidth=&#8221;off&#8221; specialty=&#8221;off&#8221; transparent_background=&#8221;off&#8221; background_color=&#8221;#9480bb&#8221; allow_player_pause=&#8221;off&#8221; inner_shadow=&#8221;off&#8221; parallax=&#8221;off&#8221; parallax_method=&#8221;off&#8221; padding_mobile=&#8221;off&#8221; make_fullwidth=&#8221;off&#8221; use_custom_width=&#8221;off&#8221; width_unit=&#8221;on&#8221; make_equal=&#8221;off&#8221; use_custom_gutter=&#8221;off&#8221; custom_padding=&#8221;0px||0px|&#8221;][et_pb_row admin_label=&#8221;Row&#8221; make_fullwidth=&#8221;on&#8221; use_custom_width=&#8221;off&#8221; width_unit=&#8221;on&#8221; use_custom_gutter=&#8221;off&#8221; padding_mobile=&#8221;off&#8221; background_color=&#8221;#9480bb&#8221; allow_player_pause=&#8221;off&#8221; parallax=&#8221;off&#8221; parallax_method=&#8221;off&#8221; make_equal=&#8221;off&#8221; parallax_1=&#8221;off&#8221; parallax_method_1=&#8221;off&#8221; column_padding_mobile=&#8221;on&#8221; custom_padding=&#8221;5px||5px|&#8221;][et_pb_column type=&#8221;4_4&#8243;][et_pb_text admin_label=&#8221;Kunst &amp; Kultur&#8221; background_layout=&#8221;dark&#8221; text_orientation=&#8221;center&#8221; use_border_color=&#8221;off&#8221; border_color=&#8221;#ffffff&#8221; border_style=&#8221;solid&#8221;]<\/p>\n<h1>Kunst &amp; Kultur<\/h1>\n<p>[\/et_pb_text][\/et_pb_column][\/et_pb_row][\/et_pb_section][et_pb_section admin_label=&#8221;Section&#8221; fullwidth=&#8221;off&#8221; specialty=&#8221;on&#8221;][et_pb_column type=&#8221;3_4&#8243; specialty_columns=&#8221;3&#8243;][et_pb_row_inner admin_label=&#8221;Row&#8221;][et_pb_column_inner type=&#8221;4_4&#8243; saved_specialty_column_type=&#8221;3_4&#8243;][et_pb_text admin_label=&#8221;Text&#8221; background_layout=&#8221;light&#8221; text_orientation=&#8221;left&#8221; use_border_color=&#8221;off&#8221; border_color=&#8221;#ffffff&#8221; border_style=&#8221;solid&#8221;]<\/p>\n<p>&nbsp;<\/p>\n<p>Die franz\u00f6sische Kultur\u00a0wird international geachtet\u00a0und es lohnt sich in sie einzutauchen. Und der S\u00fcden Frankreichs ist der perfekte Ort, um die\u00a0K\u00fcnstlerseele in Ihnen aufscheinen zu lassen. Die wundersch\u00f6ne Landschaft und das gro\u00dfe Kulturangebot in der Region liefern Ihnen Inspiration \u00fcber das ganze Jahr hinweg. Egal ob Sie selbst ein K\u00fcnstler sind oder ob Sie sich an der Kunst\u00a0erfreuen, hier gibt es allerhand zu sehen und zu entdecken!<\/p>\n<h1>Kunst &amp; Kultur<\/h1>\n<h2><strong>Ausstellungen<\/strong><\/h2>\n<p>Hier gibt es ganzj\u00e4hrig viele Ausstellungen, die regionale und internationale K\u00fcnstler darbieten. Die Ausstellungen werden regelm\u00e4\u00dfig auf der Website der Touristeninformation aufgef\u00fchrt. &#8211;\u00a0<a href=\"http:\/\/www.tourisme-gard-rhodanien.com\/\">http:\/\/www.tourisme-gard-rhodanien.com\/<\/a><\/p>\n<p>Die Region verf\u00fcgt \u00fcber eine gro\u00dfe K\u00fcnstlergemeinschaft. Erfahren\u00a0Sie hier mehr \u00fcber einige der bekanntesten\u00a0regionalen K\u00fcnstler:<\/p>\n<ul>\n<li><a href=\"http:\/\/www.michelmontigne.fr\/index.html\">Micheal Montigne<\/a><\/li>\n<li><a href=\"http:\/\/www.leodeschepper.be\">Leo de Schepper<\/a><\/li>\n<\/ul>\n<h2><strong>Museen<\/strong><\/h2>\n<p>Musse de la Lavande &#8211;\u00a0<a href=\"http:\/\/www.ardechelavandes.com\/\">http:\/\/www.ardechelavandes.com\/<br \/>\n<\/a>La Visiatome, the great adventure of the atom &#8211;\u00a0<a href=\"http:\/\/www.visiatome.com\/\">http:\/\/www.visiatome.com\/<br \/>\n<\/a>Haribo Museum Uzes &#8211;\u00a0<a href=\"http:\/\/www.museeharibo.fr\/\">http:\/\/www.museeharibo.fr\/<\/a><\/p>\n<h2><strong>Theater<\/strong><\/h2>\n<p>Das Festival Aix en Provence f\u00fchrt\u00a0regionale Theaterst\u00fccke der Gemeinde auf. Es ist eine gute Wahl f\u00fcr einen sch\u00f6ne Abendveranstaltung im Lichte der kulturellen Besonderheit der Region.<br \/>\n<a href=\"http:\/\/www.festival-aix.com\/\">http:\/\/www.festival-aix.com\/<\/a><\/p>\n<h2><strong>Festival d&#8217;Avignon<\/strong><\/h2>\n<p>Dieses Festival ist f\u00fcr Freunde von Tanz, Theater und Gegenwartskunst! The Festival d&#8217;Avignon ist ein bekanntes j\u00e4hrliches Kultur Event mit einer Tradition von mehr\u00a065 Jahren. Es zieht sowohl internationale Besucher als auch Einwohner aus der Region der\u00a0Provence und\u00a0Languedoc an. Das Festival findet im Monat Juli statt.<br \/>\n<a href=\"http:\/\/www.festival-avignon.com\/\">http:\/\/www.festival-avignon.com\/<\/a><\/p>\n<h2><strong>Carcassone Festival<\/strong><\/h2>\n<p>Ein weiteres gro\u00dfes Festival im S\u00fcden Frankreichs findet in Carcassonne statt. Es bietet eine Vielzahl von Veranstaltungen und zieht Menschenmassen von Nah und Fern an. Es ist auf jeden Fall einen Besuch wert!<br \/>\n<a href=\"http:\/\/www.festivaldecarcassonne.fr\/\">http:\/\/www.festivaldecarcassonne.fr\/<\/a><\/p>\n<p>[\/et_pb_text][\/et_pb_column_inner][\/et_pb_row_inner][\/et_pb_column][et_pb_column type=&#8221;1_4&#8243;][et_pb_sidebar admin_label=&#8221;Sidebar&#8221; orientation=&#8221;left&#8221; area=&#8221;et_pb_widget_area_4&#8243; background_layout=&#8221;light&#8221; remove_border=&#8221;off&#8221;] [\/et_pb_sidebar][\/et_pb_column][\/et_pb_section]<\/p>\n","protected":false},"excerpt":{"rendered":"<p>[et_pb_section admin_label=&#8221;Section&#8221; fullwidth=&#8221;off&#8221; specialty=&#8221;off&#8221; transparent_background=&#8221;off&#8221; background_color=&#8221;#9480bb&#8221; allow_player_pause=&#8221;off&#8221; inner_shadow=&#8221;off&#8221; parallax=&#8221;off&#8221; parallax_method=&#8221;off&#8221; padding_mobile=&#8221;off&#8221; make_fullwidth=&#8221;off&#8221; use_custom_width=&#8221;off&#8221; width_unit=&#8221;on&#8221; make_equal=&#8221;off&#8221; use_custom_gutter=&#8221;off&#8221; custom_padding=&#8221;0px||0px|&#8221;][et_pb_row admin_label=&#8221;Row&#8221; make_fullwidth=&#8221;on&#8221; use_custom_width=&#8221;off&#8221; width_unit=&#8221;on&#8221; use_custom_gutter=&#8221;off&#8221; padding_mobile=&#8221;off&#8221; background_color=&#8221;#9480bb&#8221; allow_player_pause=&#8221;off&#8221; parallax=&#8221;off&#8221; parallax_method=&#8221;off&#8221; make_equal=&#8221;off&#8221; parallax_1=&#8221;off&#8221; parallax_method_1=&#8221;off&#8221; column_padding_mobile=&#8221;on&#8221; custom_padding=&#8221;5px||5px|&#8221;][et_pb_column type=&#8221;4_4&#8243;][et_pb_text admin_label=&#8221;Kunst &amp; Kultur&#8221; background_layout=&#8221;dark&#8221; text_orientation=&#8221;center&#8221; use_border_color=&#8221;off&#8221; border_color=&#8221;#ffffff&#8221; border_style=&#8221;solid&#8221;] Kunst &amp; Kultur [\/et_pb_text][\/et_pb_column][\/et_pb_row][\/et_pb_section][et_pb_section admin_label=&#8221;Section&#8221; fullwidth=&#8221;off&#8221; specialty=&#8221;on&#8221;][et_pb_column type=&#8221;3_4&#8243; specialty_columns=&#8221;3&#8243;][et_pb_row_inner admin_label=&#8221;Row&#8221;][et_pb_column_inner type=&#8221;4_4&#8243; saved_specialty_column_type=&#8221;3_4&#8243;][et_pb_text admin_label=&#8221;Text&#8221; background_layout=&#8221;light&#8221; [&hellip;]<\/p>\n","protected":false},"author":1,"featured_media":0,"parent":0,"menu_order":0,"comment_status":"closed","ping_status":"closed","template":"","meta":{"_price":"","_stock":"","_tribe_ticket_header":"","_tribe_default_ticket_provider":"","_tribe_ticket_capacity":"0","_ticket_start_date":"","_ticket_end_date":"","_tribe_ticket_show_description":"","_tribe_ticket_show_not_going":false,"_tribe_ticket_use_global_stock":"","_tribe_ticket_global_stock_level":"","_global_stock_mode":"","_global_stock_cap":"","_tribe_rsvp_for_event":"","_tribe_ticket_going_count":"","_tribe_ticket_not_going_count":"","_tribe_tickets_list":[],"_tribe_ticket_has_attendee_info_fields":false},"_links":{"self":[{"href":"http:\/\/maisonbroche.com\/de\/wp-json\/wp\/v2\/pages\/610"}],"collection":[{"href":"http:\/\/maisonbroche.com\/de\/wp-json\/wp\/v2\/pages"}],"about":[{"href":"http:\/\/maisonbroche.com\/de\/wp-json\/wp\/v2\/types\/page"}],"author":[{"embeddable":true,"href":"http:\/\/maisonbroche.com\/de\/wp-json\/wp\/v2\/users\/1"}],"replies":[{"embeddable":true,"href":"http:\/\/maisonbroche.com\/de\/wp-json\/wp\/v2\/comments?post=610"}],"version-history":[{"count":4,"href":"http:\/\/maisonbroche.com\/de\/wp-json\/wp\/v2\/pages\/610\/revisions"}],"predecessor-version":[{"id":3222,"href":"http:\/\/maisonbroche.com\/de\/wp-json\/wp\/v2\/pages\/610\/revisions\/3222"}],"wp:attachment":[{"href":"http:\/\/maisonbroche.com\/de\/wp-json\/wp\/v2\/media?parent=610"}],"curies":[{"name":"wp","href":"https:\/\/api.w.org\/{rel}","templated":true}]}}

<p>[et_pb_section admin_label=&#8221;Section&#8221; fullwidth=&#8221;off&#8221; specialty=&#8221;off&#8221; transparent_background=&#8221;off&#8221; background_color=&#8221;#9480bb&#8221; allow_player_pause=&#8221;off&#8221; inner_shadow=&#8221;off&#8221; parallax=&#8221;off&#8221; parallax_method=&#8221;off&#8221; padding_mobile=&#8221;off&#8221; make_fullwidth=&#8221;off&#8221; use_custom_width=&#8221;off&#8221; width_unit=&#8221;on&#8221; make_equal=&#8221;off&#8221; use_custom_gutter=&#8221;off&#8221; custom_padding=&#8221;0px||0px|&#8221;][et_pb_row admin_label=&#8221;Row&#8221; make_fullwidth=&#8221;on&#8221; use_custom_width=&#8221;off&#8221; width_unit=&#8221;on&#8221; use_custom_gutter=&#8221;off&#8221; padding_mobile=&#8221;off&#8221; background_color=&#8221;#9480bb&#8221; allow_player_pause=&#8221;off&#8221; parallax=&#8221;off&#8221; parallax_method=&#8221;off&#8221; make_equal=&#8221;off&#8221; parallax_1=&#8221;off&#8221; parallax_method_1=&#8221;off&#8221; column_padding_mobile=&#8221;on&#8221; custom_padding=&#8221;5px||5px|&#8221;][et_pb_column type=&#8221;4_4&#8243;][et_pb_text admin_label=&#8221;Kunst &amp; Kultur&#8221; background_layout=&#8221;dark&#8221; text_orientation=&#8221;center&#8221; use_border_color=&#8221;off&#8221; border_color=&#8221;#ffffff&#8221; border_style=&#8221;solid&#8221;]</p>
<h1>Kunst &amp; Kultur</h1>
<p>[/et_pb_text][/et_pb_column][/et_pb_row][/et_pb_section][et_pb_section admin_label=&#8221;Section&#8221; fullwidth=&#8221;off&#8221; specialty=&#8221;on&#8221;][et_pb_column type=&#8221;3_4&#8243; specialty_columns=&#8221;3&#8243;][et_pb_row_inner admin_label=&#8221;Row&#8221;][et_pb_column_inner type=&#8221;4_4&#8243; saved_specialty_column_type=&#8221;3_4&#8243;][et_pb_text admin_label=&#8221;Text&#8221; background_layout=&#8221;light&#8221; text_orientation=&#8221;left&#8221; use_border_color=&#8221;off&#8221; border_color=&#8221;#ffffff&#8221; border_style=&#8221;solid&#8221;]</p>
<p>&nbsp;</p>
<p>Die französische Kultur wird international geachtet und es lohnt sich in sie einzutauchen. Und der Süden Frankreichs ist der perfekte Ort, um die Künstlerseele in Ihnen aufscheinen zu lassen. Die wunderschöne Landschaft und das große Kulturangebot in der Region liefern Ihnen Inspiration über das ganze Jahr hinweg. Egal ob Sie selbst ein Künstler sind oder ob Sie sich an der Kunst erfreuen, hier gibt es allerhand zu sehen und zu entdecken!</p>
<h1>Kunst &amp; Kultur</h1>
<h2><strong>Ausstellungen</strong></h2>
<p>Hier gibt es ganzjährig viele Ausstellungen, die regionale und internationale Künstler darbieten. Die Ausstellungen werden regelmäßig auf der Website der Touristeninformation aufgeführt. &#8211; <a href="http://www.tourisme-gard-rhodanien.com/">http://www.tourisme-gard-rhodanien.com/</a></p>
<p>Die Region verfügt über eine große Künstlergemeinschaft. Erfahren Sie hier mehr über einige der bekanntesten regionalen Künstler:</p>
<ul>
<li><a href="http://www.michelmontigne.fr/index.html">Micheal Montigne</a></li>
<li><a href="http://www.leodeschepper.be">Leo de Schepper</a></li>
</ul>
<h2><strong>Museen</strong></h2>
<p>Musse de la Lavande &#8211; <a href="http://www.ardechelavandes.com/">http://www.ardechelavandes.com/<br />
</a>La Visiatome, the great adventure of the atom &#8211; <a href="http://www.visiatome.com/">http://www.visiatome.com/<br />
</a>Haribo Museum Uzes &#8211; <a href="http://www.museeharibo.fr/">http://www.museeharibo.fr/</a></p>
<h2><strong>Theater</strong></h2>
<p>Das Festival Aix en Provence führt regionale Theaterstücke der Gemeinde auf. Es ist eine gute Wahl für einen schöne Abendveranstaltung im Lichte der kulturellen Besonderheit der Region.<br />
<a href="http://www.festival-aix.com/">http://www.festival-aix.com/</a></p>
<h2><strong>Festival d&#8217;Avignon</strong></h2>
<p>Dieses Festival ist für Freunde von Tanz, Theater und Gegenwartskunst! The Festival d&#8217;Avignon ist ein bekanntes jährliches Kultur Event mit einer Tradition von mehr 65 Jahren. Es zieht sowohl internationale Besucher als auch Einwohner aus der Region der Provence und Languedoc an. Das Festival findet im Monat Juli statt.<br />
<a href="http://www.festival-avignon.com/">http://www.festival-avignon.com/</a></p>
<h2><strong>Carcassone Festival</strong></h2>
<p>Ein weiteres großes Festival im Süden Frankreichs findet in Carcassonne statt. Es bietet eine Vielzahl von Veranstaltungen und zieht Menschenmassen von Nah und Fern an. Es ist auf jeden Fall einen Besuch wert!<br />
<a href="http://www.festivaldecarcassonne.fr/">http://www.festivaldecarcassonne.fr/</a></p>
<p>[/et_pb_text][/et_pb_column_inner][/et_pb_row_inner][/et_pb_column][et_pb_column type=&#8221;1_4&#8243;][et_pb_sidebar admin_label=&#8221;Sidebar&#8221; orientation=&#8221;left&#8221; area=&#8221;et_pb_widget_area_4&#8243; background_layout=&#8221;light&#8221; remove_border=&#8221;off&#8221;] [/et_pb_sidebar][/et_pb_column][/et_pb_section]</p>
